{"id":83,"date":"2016-08-20T10:38:15","date_gmt":"2016-08-20T10:38:15","guid":{"rendered":"http:\/\/nowa.zsce.pl\/?page_id=83"},"modified":"2026-01-01T18:58:13","modified_gmt":"2026-01-01T17:58:13","slug":"patron","status":"publish","type":"page","link":"https:\/\/zsce.pl\/?page_id=83","title":{"rendered":"Patron"},"content":{"rendered":"<p><img loading=\"lazy\" decoding=\"async\" class=\"size-full wp-image-948 alignleft\" src=\"http:\/\/zsce.pl\/wp-content\/uploads\/2018\/05\/Ignacy_Lukasiewicz.jpg\" alt=\"\" width=\"200\" height=\"300\" \/><\/p>\n<p style=\"text-align: justify;\"><strong>Ignacy \u0141ukasiewicz<\/strong> urodzi\u0142 si\u0119 8 marca 1822 roku w Zadusznikach, powiat Mielec w inteligenckiej, szlacheckiego pochodzenia rodzinie. Uko\u0144czy\u0142 tylko 5 klas gimnazjum w Rzeszowie, ale ju\u017c cztery pozwala\u0142y mu na rozpocz\u0119cie praktyki w zawodzie. Rozpocz\u0105\u0142 j\u0105 w 1836 roku w aptece Antoniego Swobody w \u0141a\u0144cucie, a w 1840 roku zda\u0142 egzamin tyrocynalny i awansowa\u0142 na pomocnika aptekarskiego.<\/p>\n<p style=\"text-align: justify;\">Zwi\u0105za\u0142 si\u0119 z Tajn\u0105 Konfederacj\u0105 Powszechn\u0105 Narodu Polskiego, nawo\u0142uj\u0105c\u0105 do zniesienia pa\u0144szczyzny, reform demokratycznych i powstania przeciw zaborcy. Grupa ta zosta\u0142a zlikwidowana, \u0141ukasiewicz jednak dzia\u0142a\u0142 w jej kontynuacji Sprzysi\u0119\u017ceniu Konfederat\u00f3w Polskich. Gdy wy\u015bledzono i t\u0105 organizacj\u0119 zosta\u0142 on zarejestrowany jako politycznie podejrzany. Wtedy przeni\u00f3s\u0142 si\u0119 do apteki Edwarda H\u00fcbla w Rzeszowie. Pocz\u0105tkowo zajmowa\u0142 si\u0119 nauk\u0105, ale w 1845 roku wszed\u0142 w sk\u0142ad lokalnej kom\u00f3rki Centralizacji Towarzystwa Demokratycznego Polskiego o podobnym programie, co poprzednie organizacje. Dzia\u0142a\u0142 tam aktywnie do 19 lutego 1846 roku, kiedy to zosta\u0142 aresztowany i osadzony w wi\u0119zieniu. W nied\u0142ugim czasie zosta\u0142 przeniesiony do Lwowa. Po trwaj\u0105cym rok dochodzeniu &#8211; 27 grudnia 1847 roku zosta\u0142 zwolniony, ale by\u0142 pod sta\u0142\u0105 obserwacj\u0105 i dosta\u0142 zakaz opuszczania Lwowa.<\/p>\n<p style=\"text-align: justify;\">Przebywaj\u0105c pod sta\u0142\u0105 obserwacj\u0105 zaprzesta\u0142 swej poprzedniej dzia\u0142alno\u015bci, a w sierpniu 1848 roku rozpocz\u0105\u0142 prac\u0119 w aptece Piotra Mikolasha. Zg\u0142osi\u0142 si\u0119 z pro\u015bb\u0105 o pozwolenie opuszczenia Lwowa w celu podj\u0119cia studi\u00f3w i dzi\u0119ki wstawiennictwu pracodawcy m\u00f3g\u0142 wyjecha\u0107 do Krakowa. Uda\u0142 si\u0119 na Uniwersytet Jagiello\u0144ski, gdzie zda\u0142 wszystkie egzaminy za wyj\u0105tkiem farmakognozji, co uniemo\u017cliwi\u0142o mu na otrzymanie dyplomu. Uda\u0142 si\u0119 na Uniwersytet Wiede\u0144ski, gdzie 30 lipca 1852 roku dosta\u0142 dyplom magistra farmacji.<\/p>\n<p style=\"text-align: justify;\">Powr\u00f3ci\u0142 do Lwowa i kontynuowa\u0142 prac\u0119 w aptece Mikolasha. Wraz z nim i jego drugim asystentem prowadzili badania nad rop\u0105 naftow\u0105, ale po pewnym czasie ich zwierzchnik si\u0119 z tego wycofa\u0142. Oni jednak kontynuowali badania i na prze\u0142omie 1852-1853 roku otrzymali naft\u0119. Samo odkrycie pozosta\u0142oby tylko ciekawostk\u0105 gdyby nie \u0141ukasiewicz, kt\u00f3ry ju\u017c bez pomocy Jana Zeha pr\u00f3bowa\u0142 wykorzysta\u0107 j\u0105 do o\u015bwietlenia. Dzie\u0144 31 lipca 1853 roku jest dat\u0105 pocz\u0105tku przemys\u0142u naftowego, kiedy to przy wsp\u00f3\u0142pracy aptekarzy Mikolasha, Zeha, \u0141ukasiewicza i konstruktora Adama Bratkowskiego o\u015bwietlono lampami naftowymi szpital powszechny we Lwowie. \u0141ukasiewicz tak\u017ce zaj\u0105\u0142 si\u0119 pokazaniem nafty \u015bwiatu. Wysy\u0142a\u0142 jej pr\u00f3bki do wielu miast Europy m.in. Wiednia i Pary\u017ca.<\/p>\n<p style=\"text-align: justify;\">Na pocz\u0105tku 1854 roku \u0141ukasiewicz przeni\u00f3s\u0142 si\u0119 do Gorlic i tam kontynuowa\u0142 swoj\u0105 dzia\u0142alno\u015b\u0107 zwi\u0105zan\u0105 z naft\u0105. Zawiera\u0142 on sp\u00f3\u0142ki z wieloma przedsi\u0119biorcami i w\u0142a\u015bcicielami ziemskimi. Mi\u0119dzy innymi byli to: Tytus Trzecieski, a potem jego brat Franciszek, Apolinary i Edward Zieli\u0144scy, czy Karol Klobassa. W 1854 roku za\u0142o\u017cy\u0142 pierwsz\u0105 w Polsce kopalni\u0119 ropy naftowej, a w 1856 roku pierwsz\u0105 destylarni\u0119. By\u0142 on w\u0142a\u015bcicielem lub dzier\u017cawc\u0105 wielu kopalni ropy naftowej i tw\u00f3rc\u0105 kilku rafinerii. Mia\u0142 wiele sklep\u00f3w w r\u00f3\u017cnych miastach. Zajmowa\u0142 si\u0119 te\u017c dzia\u0142alno\u015bci\u0105 polityczn\u0105.<\/p>\n<p style=\"text-align: justify;\">Zmar\u0142 7 stycznia 1882 roku na ostre zapalenie p\u0142uc.<\/p>\n","protected":false},"excerpt":{"rendered":"<p>Ignacy \u0141ukasiewicz urodzi\u0142 si\u0119 8 marca 1822 roku w Zadusznikach, powiat Mielec w inteligenckiej, szlacheckiego pochodzenia rodzinie. Uko\u0144czy\u0142 tylko 5 klas gimnazjum w Rzeszowie, ale ju\u017c cztery pozwala\u0142y mu na rozpocz\u0119cie praktyki w zawodzie. Rozpocz\u0105\u0142 j\u0105 w 1836 roku w aptece Antoniego Swobody w \u0141a\u0144cucie, a w 1840 roku zda\u0142 egzamin tyrocynalny i awansowa\u0142 na pomocnika aptekarskiego. Zwi\u0105za\u0142 si\u0119 z&hellip;<\/p>\n","protected":false},"author":1,"featured_media":0,"parent":43,"menu_order":1,"comment_status":"closed","ping_status":"closed","template":"","meta":{"_mc_calendar":[],"footnotes":""},"class_list":["post-83","page","type-page","status-publish","hentry"],"_links":{"self":[{"href":"https:\/\/zsce.pl\/index.php?rest_route=\/wp\/v2\/pages\/83","targetHints":{"allow":["GET"]}}],"collection":[{"href":"https:\/\/zsce.pl\/index.php?rest_route=\/wp\/v2\/pages"}],"about":[{"href":"https:\/\/zsce.pl\/index.php?rest_route=\/wp\/v2\/types\/page"}],"author":[{"embeddable":true,"href":"https:\/\/zsce.pl\/index.php?rest_route=\/wp\/v2\/users\/1"}],"replies":[{"embeddable":true,"href":"https:\/\/zsce.pl\/index.php?rest_route=%2Fwp%2Fv2%2Fcomments&post=83"}],"version-history":[{"count":4,"href":"https:\/\/zsce.pl\/index.php?rest_route=\/wp\/v2\/pages\/83\/revisions"}],"predecessor-version":[{"id":5678,"href":"https:\/\/zsce.pl\/index.php?rest_route=\/wp\/v2\/pages\/83\/revisions\/5678"}],"up":[{"embeddable":true,"href":"https:\/\/zsce.pl\/index.php?rest_route=\/wp\/v2\/pages\/43"}],"wp:attachment":[{"href":"https:\/\/zsce.pl\/index.php?rest_route=%2Fwp%2Fv2%2Fmedia&parent=83"}],"curies":[{"name":"wp","href":"https:\/\/api.w.org\/{rel}","templated":true}]}}