{"id":4823,"date":"2023-09-11T09:45:15","date_gmt":"2023-09-11T08:45:15","guid":{"rendered":"https:\/\/zsce.pl\/?page_id=4823"},"modified":"2024-09-14T20:27:35","modified_gmt":"2024-09-14T19:27:35","slug":"pomoc-psychologiczno-pedagogiczna","status":"publish","type":"page","link":"https:\/\/zsce.pl\/?page_id=4823","title":{"rendered":"Pomoc psychologiczno-pedagogiczna"},"content":{"rendered":"<p style=\"text-align: center;\"><strong>Harmonogram pracy<br \/>\n<\/strong><strong>Kolegium ds. pomocy psychologiczno-pedagogicznej i doradztwa zawodowego<br \/>\n<\/strong><strong>(<span style=\"color: #ff0000;\">psycholog, pedagog szkolny, pedagog specjalny, doradca zawodowy<\/span>)<\/strong><br \/>\n<strong>w Zespole Szk\u00f3\u0142 Centrum Edukacji im. Ignacego \u0141ukasiewicza<\/strong><br \/>\n<strong>w roku szkolnym 2024\/2025<\/strong><\/p>\n<p><a href=\"https:\/\/zsce.pl\/wp-content\/uploads\/2024\/09\/Godziny-PPP-i-DZ-1.png\"><img loading=\"lazy\" decoding=\"async\" class=\"alignnone size-full wp-image-5184\" src=\"https:\/\/zsce.pl\/wp-content\/uploads\/2024\/09\/Godziny-PPP-i-DZ-1.png\" alt=\"\" width=\"1097\" height=\"575\" srcset=\"https:\/\/zsce.pl\/wp-content\/uploads\/2024\/09\/Godziny-PPP-i-DZ-1.png 1097w, https:\/\/zsce.pl\/wp-content\/uploads\/2024\/09\/Godziny-PPP-i-DZ-1-660x346.png 660w, https:\/\/zsce.pl\/wp-content\/uploads\/2024\/09\/Godziny-PPP-i-DZ-1-840x440.png 840w, https:\/\/zsce.pl\/wp-content\/uploads\/2024\/09\/Godziny-PPP-i-DZ-1-768x403.png 768w\" sizes=\"auto, (max-width: 1097px) 100vw, 1097px\" \/><\/a><\/p>\n<p>&nbsp;<\/p>\n","protected":false},"excerpt":{"rendered":"<p>Harmonogram pracy Kolegium ds. pomocy psychologiczno-pedagogicznej i doradztwa zawodowego (psycholog, pedagog szkolny, pedagog specjalny, doradca zawodowy) w Zespole Szk\u00f3\u0142 Centrum Edukacji im. Ignacego \u0141ukasiewicza w roku szkolnym 2024\/2025 &nbsp;<\/p>\n","protected":false},"author":8,"featured_media":0,"parent":0,"menu_order":0,"comment_status":"closed","ping_status":"closed","template":"","meta":{"_mc_calendar":[],"footnotes":""},"class_list":["post-4823","page","type-page","status-publish","hentry"],"_links":{"self":[{"href":"https:\/\/zsce.pl\/index.php?rest_route=\/wp\/v2\/pages\/4823","targetHints":{"allow":["GET"]}}],"collection":[{"href":"https:\/\/zsce.pl\/index.php?rest_route=\/wp\/v2\/pages"}],"about":[{"href":"https:\/\/zsce.pl\/index.php?rest_route=\/wp\/v2\/types\/page"}],"author":[{"embeddable":true,"href":"https:\/\/zsce.pl\/index.php?rest_route=\/wp\/v2\/users\/8"}],"replies":[{"embeddable":true,"href":"https:\/\/zsce.pl\/index.php?rest_route=%2Fwp%2Fv2%2Fcomments&post=4823"}],"version-history":[{"count":3,"href":"https:\/\/zsce.pl\/index.php?rest_route=\/wp\/v2\/pages\/4823\/revisions"}],"predecessor-version":[{"id":5189,"href":"https:\/\/zsce.pl\/index.php?rest_route=\/wp\/v2\/pages\/4823\/revisions\/5189"}],"wp:attachment":[{"href":"https:\/\/zsce.pl\/index.php?rest_route=%2Fwp%2Fv2%2Fmedia&parent=4823"}],"curies":[{"name":"wp","href":"https:\/\/api.w.org\/{rel}","templated":true}]}}