{"id":1042,"date":"2018-07-22T12:50:34","date_gmt":"2018-07-22T11:50:34","guid":{"rendered":"http:\/\/zsce.pl\/?page_id=1042"},"modified":"2020-08-21T16:44:42","modified_gmt":"2020-08-21T15:44:42","slug":"apps-project","status":"publish","type":"page","link":"https:\/\/zsce.pl\/?page_id=1042","title":{"rendered":"APPs Project"},"content":{"rendered":"<h3 style=\"text-align: center;\"><img loading=\"lazy\" decoding=\"async\" class=\"wp-image-1046 aligncenter\" src=\"http:\/\/zsce.pl\/wp-content\/uploads\/2018\/07\/APPs-colore.jpg\" alt=\"\" width=\"153\" height=\"118\" \/>\u00a0 \u00a0 \u00a0 APPs PROJECT<\/h3>\n<h3 style=\"text-align: justify;\">PROJEKT<\/h3>\n<p style=\"text-align: justify;\">APPs (2017-1-IT02-KA201-03-66-53) to wsp\u00f3\u0142finansowany projekt w ramach programu Erasmusplus Unii Europejskiej zatwierdzony przez INDIRE &#8211; w\u0142osk\u0105 agencj\u0119 krajow\u0105.<\/p>\n<p style=\"text-align: justify;\">Cyberprzemoc \u00a0to rosn\u0105ce zjawisko budz\u0105ce powa\u017cne obawy, wp\u0142ywaj\u0105ce na motywacj\u0119, koncentracj\u0119, pewno\u015b\u0107 siebie i najwy\u017cszy poziom wykszta\u0142cenia uczni\u00f3w.<\/p>\n<p style=\"text-align: justify;\">Projekt skupi si\u0119 na poprawie jako\u015bci nauczania poprzez rozwijanie i eksperymentowanie z pionowymi modu\u0142ami nauczania (VLM) w celu zagwarantowania odpowiedniego podej\u015bcia programowego do edukacji spo\u0142ecznej i emocjonalnej jako podstawowego klucza do osobistego rozwoju uczni\u00f3w, a co za tym idzie, wa\u017cnym czynnikiem sukcesu szkolnego zapobiegania cyberprzemocy.<\/p>\n<p style=\"text-align: justify;\">Projekt potrwa trzydzie\u015bci miesi\u0119cy, pocz\u0105wszy od wrze\u015bnia 2017 r.<\/p>\n<h3 style=\"text-align: justify;\">CELE<\/h3>\n<p style=\"text-align: justify;\">G\u0142\u00f3wnym celem jest opracowanie i promowanie zintegrowanego podej\u015bcia do zapobiegania zjawisku cyberprzemocy w szko\u0142ach.<\/p>\n<p style=\"text-align: justify;\">Cel ten zostanie osi\u0105gni\u0119ty poprzez prace nad opracowaniem wsp\u00f3lnych i dostosowanych do potrzeb strategii edukacyjnych, w kt\u00f3rych bezpo\u015brednio uczestnicz\u0105 nauczyciele, dyrektorzy, uczniowie i kluczowi eksperci na poziomie krajowym i europejskim, pochodz\u0105cy z 7 instytucji edukacyjnych z W\u0142och, Hiszpanii, Polski i Rumunii oraz 2 agencji szkoleniowych z siedzib\u0105 &#8211; W\u0142ochy i Irlandia.<\/p>\n<p style=\"text-align: justify;\">Zaanga\u017cowane szko\u0142y nale\u017c\u0105 do r\u00f3\u017cnych etap\u00f3w edukacji, takich jak poziom podstawowy, gimnazjalny i licealny (uczniowie w wieku od 8 do 17 lat).<\/p>\n<h3 style=\"text-align: justify;\">WYNIKI<\/h3>\n<p style=\"text-align: justify;\">W ramach projektu APP opracowane zostan\u0105 materia\u0142y kreatywne i edukacyjne, kt\u00f3re b\u0119d\u0105 wspiera\u0107 sukces szkolny uczni\u00f3w zgodnie z ich potrzebami i oczekiwaniami oraz zagwarantuj\u0105 p\u0142ynne przej\u015bcie mi\u0119dzy r\u00f3\u017cnymi etapami edukacji, w tym z uczniami o mniejszych szansach.<\/p>\n<p style=\"text-align: justify;\">Badanie i analiza potrzeb szkolnych<\/p>\n<p style=\"text-align: justify;\">Innowacyjne modu\u0142y szkoleniowe dla nauczycieli<\/p>\n<p style=\"text-align: justify;\">Rozw\u00f3j modu\u0142\u00f3w kszta\u0142cenia pionowego &#8211; VLM z wykorzystaniem materia\u0142u artystycznego w formie j\u0119zyka werbalnego i niewerbalnego dla student\u00f3w<\/p>\n<p style=\"text-align: justify;\">Cztery kr\u00f3tkoterminowe mobilno\u015bci student\u00f3w w Hiszpanii, Rumunii, Polsce i we W\u0142oszech<\/p>\n<p style=\"text-align: justify;\">VLM zostanie wdro\u017cony w siedmiu instytucjach edukacyjnych zaanga\u017cowanych w ramach &#8222;Edukacyjnego programu operacyjnego&#8221; (EOP) od roku szkolnego 2020-2021.<\/p>\n<p style=\"text-align: justify;\">B\u0119d\u0105 one dost\u0119pne dla spo\u0142eczno\u015bci szkolnych zainteresowanych wykorzystaniem otwartych zasob\u00f3w w celu podniesienia \u015bwiadomo\u015bci i wzmocnienia kompetencji w zakresie zapobiegania cyberprzemocy.<\/p>\n<h3 style=\"text-align: center;\"><span style=\"color: #ff0000;\">Dublin 14 &#8211; 19.05.2018<\/span><\/h3>\n<p style=\"text-align: center;\"><img loading=\"lazy\" decoding=\"async\" class=\"aligncenter wp-image-2525 size-medium\" src=\"http:\/\/zsce.pl\/wp-content\/uploads\/2020\/07\/IMG_1589-487x365.jpg\" alt=\"\" width=\"487\" height=\"365\" srcset=\"https:\/\/zsce.pl\/wp-content\/uploads\/2020\/07\/IMG_1589-487x365.jpg 487w, https:\/\/zsce.pl\/wp-content\/uploads\/2020\/07\/IMG_1589-840x630.jpg 840w, https:\/\/zsce.pl\/wp-content\/uploads\/2020\/07\/IMG_1589-768x576.jpg 768w, https:\/\/zsce.pl\/wp-content\/uploads\/2020\/07\/IMG_1589-1536x1152.jpg 1536w, https:\/\/zsce.pl\/wp-content\/uploads\/2020\/07\/IMG_1589-2048x1536.jpg 2048w\" sizes=\"auto, (max-width: 487px) 100vw, 487px\" \/><\/p>\n<p><img loading=\"lazy\" decoding=\"async\" class=\"aligncenter wp-image-2526 size-medium\" src=\"http:\/\/zsce.pl\/wp-content\/uploads\/2020\/07\/IMG_1602-487x365.jpg\" alt=\"\" width=\"487\" height=\"365\" srcset=\"https:\/\/zsce.pl\/wp-content\/uploads\/2020\/07\/IMG_1602-487x365.jpg 487w, https:\/\/zsce.pl\/wp-content\/uploads\/2020\/07\/IMG_1602-840x630.jpg 840w, https:\/\/zsce.pl\/wp-content\/uploads\/2020\/07\/IMG_1602-768x576.jpg 768w, https:\/\/zsce.pl\/wp-content\/uploads\/2020\/07\/IMG_1602-1536x1152.jpg 1536w, https:\/\/zsce.pl\/wp-content\/uploads\/2020\/07\/IMG_1602-2048x1536.jpg 2048w\" sizes=\"auto, (max-width: 487px) 100vw, 487px\" \/><\/p>\n<p style=\"text-align: center;\"><img loading=\"lazy\" decoding=\"async\" class=\"aligncenter wp-image-2527 size-medium\" src=\"http:\/\/zsce.pl\/wp-content\/uploads\/2020\/07\/IMG_1605-487x365.jpg\" alt=\"\" width=\"487\" height=\"365\" srcset=\"https:\/\/zsce.pl\/wp-content\/uploads\/2020\/07\/IMG_1605-487x365.jpg 487w, https:\/\/zsce.pl\/wp-content\/uploads\/2020\/07\/IMG_1605-840x630.jpg 840w, https:\/\/zsce.pl\/wp-content\/uploads\/2020\/07\/IMG_1605-768x576.jpg 768w, https:\/\/zsce.pl\/wp-content\/uploads\/2020\/07\/IMG_1605-1536x1152.jpg 1536w, https:\/\/zsce.pl\/wp-content\/uploads\/2020\/07\/IMG_1605-2048x1536.jpg 2048w\" sizes=\"auto, (max-width: 487px) 100vw, 487px\" \/><\/p>\n<p style=\"text-align: center;\"><img loading=\"lazy\" decoding=\"async\" class=\"aligncenter wp-image-2528 size-medium\" src=\"http:\/\/zsce.pl\/wp-content\/uploads\/2020\/07\/IMG_1823-487x365.jpg\" alt=\"\" width=\"487\" height=\"365\" srcset=\"https:\/\/zsce.pl\/wp-content\/uploads\/2020\/07\/IMG_1823-487x365.jpg 487w, https:\/\/zsce.pl\/wp-content\/uploads\/2020\/07\/IMG_1823-840x630.jpg 840w, https:\/\/zsce.pl\/wp-content\/uploads\/2020\/07\/IMG_1823-768x576.jpg 768w, https:\/\/zsce.pl\/wp-content\/uploads\/2020\/07\/IMG_1823-1536x1152.jpg 1536w, https:\/\/zsce.pl\/wp-content\/uploads\/2020\/07\/IMG_1823-2048x1536.jpg 2048w\" sizes=\"auto, (max-width: 487px) 100vw, 487px\" \/><\/p>\n<p style=\"text-align: center;\"><span style=\"font-size: 14pt; color: #ff0000;\"><strong>Pierwsza wymiana m\u0142odzie\u017cy<\/strong><\/span><\/p>\n<p style=\"text-align: justify;\">W dniach 17-23.02.2019 uczniowie z naszej szko\u0142y wzi\u0119li udzia\u0142 w wymianie m\u0142odzie\u017cy w Hiszpanii. Wyjazd odby\u0142 si\u0119 w ramach projektu Erasmus plus-Zapobieganie cyberprzemocy w szkole. Uczniowie i nauczyciele zwiedzili pi\u0119kny rejon La Mancha znany z opowie\u015bci o Don Kichocie. Wzi\u0119li udzia\u0142 w warsztatach, spotkaniach i konferencjach dotycz\u0105cych zjawiska cyberprzemocy w szko\u0142ach.<\/p>\n<p style=\"text-align: justify;\">Prezentujemy kr\u00f3tki film z pobytu w Hiszpanii.<\/p>\n<div style=\"width: 640px;\" class=\"wp-video\"><video class=\"wp-video-shortcode\" id=\"video-1042-1\" width=\"640\" height=\"480\" preload=\"metadata\" controls=\"controls\"><source type=\"video\/mp4\" src=\"http:\/\/zsce.pl\/wp-content\/uploads\/2019\/04\/Wymiana-Hiszpania.mp4?_=1\" \/><a href=\"http:\/\/zsce.pl\/wp-content\/uploads\/2019\/04\/Wymiana-Hiszpania.mp4\">http:\/\/zsce.pl\/wp-content\/uploads\/2019\/04\/Wymiana-Hiszpania.mp4<\/a><\/video><\/div>\n<p>&nbsp;<\/p>\n<p style=\"text-align: center;\"><span style=\"color: #ff0000;\"><strong><span style=\"font-size: 14pt;\">Druga wymiana m\u0142odzie\u017cy<\/span><\/strong><\/span><\/p>\n<p><span style=\"font-size: 12pt;\">W dniach 12-17 maja 2019 r.odby\u0142a si\u0119 wymiana m\u0142odzie\u017cy w Rumunii w ramach projektu Erasmus plus. Uczestniczy\u0142o w niej 4 nauczycieli i 6 uczni\u00f3w. Pani dyrektor Barbara Kozera przewodniczy\u0142a tej wizycie. Opr\u00f3cz zaj\u0119\u0107 w szkole partnerskiej w Uricani zwiedzili\u015bmy wiele s\u0105siaduj\u0105cych teren\u00f3w z intersuj\u0105cymi zabytkami i miejscami godnymi uwagi. Odwiedzili\u015bmy s\u0142ynne Sibiu, gdzie odbywaj\u0105 si\u0119 spotkania przyw\u00f3dc\u00f3w europejskich. Pomimo niesprzyjaj\u0105cej pogody wymiana by\u0142a bardzo udana.<\/span><\/p>\n<div style=\"width: 640px;\" class=\"wp-video\"><video class=\"wp-video-shortcode\" id=\"video-1042-2\" width=\"640\" height=\"480\" preload=\"metadata\" controls=\"controls\"><source type=\"video\/mp4\" src=\"http:\/\/zsce.pl\/wp-content\/uploads\/2019\/06\/Wymiana-w-Rumunii_2.mp4?_=2\" \/><a href=\"http:\/\/zsce.pl\/wp-content\/uploads\/2019\/06\/Wymiana-w-Rumunii_2.mp4\">http:\/\/zsce.pl\/wp-content\/uploads\/2019\/06\/Wymiana-w-Rumunii_2.mp4<\/a><\/video><\/div>\n<h1><img loading=\"lazy\" decoding=\"async\" class=\"alignnone wp-image-2289 size-full\" src=\"http:\/\/zsce.pl\/wp-content\/uploads\/2020\/05\/grey-line-png-e1589648229239.png\" alt=\"\" width=\"1754\" height=\"135\" srcset=\"https:\/\/zsce.pl\/wp-content\/uploads\/2020\/05\/grey-line-png-e1589648229239.png 1754w, https:\/\/zsce.pl\/wp-content\/uploads\/2020\/05\/grey-line-png-e1589648229239-660x51.png 660w, https:\/\/zsce.pl\/wp-content\/uploads\/2020\/05\/grey-line-png-e1589648229239-840x65.png 840w, https:\/\/zsce.pl\/wp-content\/uploads\/2020\/05\/grey-line-png-e1589648229239-768x59.png 768w, https:\/\/zsce.pl\/wp-content\/uploads\/2020\/05\/grey-line-png-e1589648229239-1536x118.png 1536w\" sizes=\"auto, (max-width: 1754px) 100vw, 1754px\" \/><\/h1>\n<h1 style=\"text-align: center;\"><strong><span style=\"color: #ff0000;\">WYMIANA M\u0141ODZIE\u017bY W POLSCE &#8211; P\u0141OCK<br \/>\nZesp\u00f3\u0142 Szk\u00f3\u0142 Centrum Edukacji im. Ignacego \u0141ukasiewicza<br \/>\n<\/span><\/strong><\/h1>\n<p style=\"text-align: justify;\">W naszej szkole odby\u0142a si\u0119 w dniach 30.09 &#8211; 04.10.2020 wymiana m\u0142odzie\u017cy w ramach projektu Erasmus plus. Wzi\u0119li w niej udzia\u0142 uczniowie i nauczyciele z W\u0142och, Hiszpanii i Rumunii. By\u0142o to ogromne przedsi\u0119wzi\u0119cie, gdy\u017c w sumie go\u015bcili\u015bmy ponad 60 uczestnik\u00f3w. Program wymiany by\u0142 bardzo bogaty w r\u00f3\u017cnorodne atrakcje i propozycje edukacyjne, poznawcze i kulturowe. Opr\u00f3cz zaj\u0119\u0107 w szkole, przygotowali\u015bmy warsztaty w teatrze, gr\u0119 miejsk\u0105, wizyt\u0119 w Centrum Nauki Kopernik w Warszawie, zwiedzanie muze\u00f3w p\u0142ockich. Uczestnicy byli go\u015b\u0107mi Prezydenta P\u0142ocka. Podczas wymiany realizowany by\u0142 temat Zapobieganie cyberprzemocy w szkole. Ka\u017cdy partner przedstawi\u0142 prezentacje dotycz\u0105ce realizacji projektu. Nasi partnerzy byli goszczeni przez rodziny uczni\u00f3w z klasy IIB. Atmosfera by\u0142a bardzo przyjazna, zawi\u0105za\u0142y si\u0119 przyjacielskie relacje pomi\u0119dzy uczestnikami.<\/p>\n<p style=\"text-align: justify;\">Projekt jest nadal realizowany,m\u0142odzie\u017c z naszej szko\u0142y jest bardzo zaanga\u017cowana i pomocna w przygotowaniu kolejnych dzia\u0142a\u0144.<\/p>\n<div style=\"width: 640px;\" class=\"wp-video\"><video class=\"wp-video-shortcode\" id=\"video-1042-3\" width=\"640\" height=\"480\" preload=\"metadata\" controls=\"controls\"><source type=\"video\/mp4\" src=\"http:\/\/zsce.pl\/wp-content\/uploads\/2020\/05\/Pologne2.mp4?_=3\" \/><a href=\"http:\/\/zsce.pl\/wp-content\/uploads\/2020\/05\/Pologne2.mp4\">http:\/\/zsce.pl\/wp-content\/uploads\/2020\/05\/Pologne2.mp4<\/a><\/video><\/div>\n<p><img loading=\"lazy\" decoding=\"async\" class=\"alignnone wp-image-2289 size-full\" src=\"http:\/\/zsce.pl\/wp-content\/uploads\/2020\/05\/grey-line-png-e1589648229239.png\" alt=\"\" width=\"1754\" height=\"135\" srcset=\"https:\/\/zsce.pl\/wp-content\/uploads\/2020\/05\/grey-line-png-e1589648229239.png 1754w, https:\/\/zsce.pl\/wp-content\/uploads\/2020\/05\/grey-line-png-e1589648229239-660x51.png 660w, https:\/\/zsce.pl\/wp-content\/uploads\/2020\/05\/grey-line-png-e1589648229239-840x65.png 840w, https:\/\/zsce.pl\/wp-content\/uploads\/2020\/05\/grey-line-png-e1589648229239-768x59.png 768w, https:\/\/zsce.pl\/wp-content\/uploads\/2020\/05\/grey-line-png-e1589648229239-1536x118.png 1536w\" sizes=\"auto, (max-width: 1754px) 100vw, 1754px\" \/><\/p>\n<h1 style=\"text-align: center;\"><strong><span style=\"color: #ff0000;\">SPOTKANIE MI\u0118DZYNARODOWE KOORDYNATOR\u00d3W I NAUCZYCIELI<\/span><\/strong><br \/>\n<strong><span style=\"color: #ff0000;\">PESARO W\u0141OCHY LUTY 2020<\/span><\/strong><\/h1>\n<p style=\"text-align: justify;\">W lutym 2020 r. odby\u0142o si\u0119 we W\u0142oszech spotkanie podsumowuj\u0105ce realizacj\u0119 projektu 2017-2020. Wzi\u0119li w nim udzia\u0142 koordynatorzy i nauczyciele z W\u0142och, Hiszpanii, Rumunii i Polski. Uwaga uczestnik\u00f3w skupi\u0142a si\u0119 na rezultatach, upowszechnianiu i zarz\u0105dzaniu projektem. Podczas kilku dni spotka\u0144 wypracowano sposoby dalszej pracy nad wdra\u017caniem za\u0142o\u017ce\u0144 projektu do realizacji w szkole.<\/p>\n<p><img loading=\"lazy\" decoding=\"async\" class=\"aligncenter wp-image-2282 size-medium\" src=\"http:\/\/zsce.pl\/wp-content\/uploads\/2020\/05\/Pesaro_02-487x365.jpg\" alt=\"\" width=\"487\" height=\"365\" srcset=\"https:\/\/zsce.pl\/wp-content\/uploads\/2020\/05\/Pesaro_02-487x365.jpg 487w, https:\/\/zsce.pl\/wp-content\/uploads\/2020\/05\/Pesaro_02-840x630.jpg 840w, https:\/\/zsce.pl\/wp-content\/uploads\/2020\/05\/Pesaro_02-768x576.jpg 768w, https:\/\/zsce.pl\/wp-content\/uploads\/2020\/05\/Pesaro_02-1536x1152.jpg 1536w, https:\/\/zsce.pl\/wp-content\/uploads\/2020\/05\/Pesaro_02-2048x1536.jpg 2048w\" sizes=\"auto, (max-width: 487px) 100vw, 487px\" \/><\/p>\n<p><img loading=\"lazy\" decoding=\"async\" class=\"aligncenter wp-image-2283 size-medium\" src=\"http:\/\/zsce.pl\/wp-content\/uploads\/2020\/05\/Pesaro_01-487x365.jpg\" alt=\"\" width=\"487\" height=\"365\" srcset=\"https:\/\/zsce.pl\/wp-content\/uploads\/2020\/05\/Pesaro_01-487x365.jpg 487w, https:\/\/zsce.pl\/wp-content\/uploads\/2020\/05\/Pesaro_01-840x630.jpg 840w, https:\/\/zsce.pl\/wp-content\/uploads\/2020\/05\/Pesaro_01-768x576.jpg 768w, https:\/\/zsce.pl\/wp-content\/uploads\/2020\/05\/Pesaro_01-1536x1152.jpg 1536w, https:\/\/zsce.pl\/wp-content\/uploads\/2020\/05\/Pesaro_01-2048x1536.jpg 2048w\" sizes=\"auto, (max-width: 487px) 100vw, 487px\" \/><\/p>\n<h1 style=\"text-align: center;\"><img loading=\"lazy\" decoding=\"async\" class=\"alignnone wp-image-2289 size-full aligncenter\" src=\"http:\/\/zsce.pl\/wp-content\/uploads\/2020\/05\/grey-line-png-e1589648229239.png\" alt=\"\" width=\"1754\" height=\"135\" srcset=\"https:\/\/zsce.pl\/wp-content\/uploads\/2020\/05\/grey-line-png-e1589648229239.png 1754w, https:\/\/zsce.pl\/wp-content\/uploads\/2020\/05\/grey-line-png-e1589648229239-660x51.png 660w, https:\/\/zsce.pl\/wp-content\/uploads\/2020\/05\/grey-line-png-e1589648229239-840x65.png 840w, https:\/\/zsce.pl\/wp-content\/uploads\/2020\/05\/grey-line-png-e1589648229239-768x59.png 768w, https:\/\/zsce.pl\/wp-content\/uploads\/2020\/05\/grey-line-png-e1589648229239-1536x118.png 1536w\" sizes=\"auto, (max-width: 1754px) 100vw, 1754px\" \/><strong><span style=\"color: #ff0000; font-size: 24pt;\">UPOWSZECHNIANIE<\/span><br \/>\n<\/strong><\/h1>\n<h3 style=\"text-align: center;\">Polska wersja podr\u0119cznika dla nauczycieli<\/h3>\n<p style=\"text-align: center;\"><a href=\"http:\/\/zsce.pl\/wp-content\/uploads\/2020\/08\/HANDBOOK-translation-part-2.pdf\"><img loading=\"lazy\" decoding=\"async\" class=\"aligncenter wp-image-2592\" src=\"http:\/\/zsce.pl\/wp-content\/uploads\/2020\/08\/handbook.jpg\" alt=\"\" width=\"150\" height=\"211\" srcset=\"https:\/\/zsce.pl\/wp-content\/uploads\/2020\/08\/handbook.jpg 1665w, https:\/\/zsce.pl\/wp-content\/uploads\/2020\/08\/handbook-260x365.jpg 260w, https:\/\/zsce.pl\/wp-content\/uploads\/2020\/08\/handbook-598x840.jpg 598w, https:\/\/zsce.pl\/wp-content\/uploads\/2020\/08\/handbook-768x1078.jpg 768w, https:\/\/zsce.pl\/wp-content\/uploads\/2020\/08\/handbook-1094x1536.jpg 1094w, https:\/\/zsce.pl\/wp-content\/uploads\/2020\/08\/handbook-1458x2048.jpg 1458w\" sizes=\"auto, (max-width: 150px) 100vw, 150px\" \/><\/a><\/p>\n<h3><\/h3>\n<h3 style=\"text-align: center;\">Wywiad z uczniem<\/h3>\n<div style=\"width: 576px;\" class=\"wp-video\"><video class=\"wp-video-shortcode\" id=\"video-1042-4\" width=\"576\" height=\"256\" preload=\"metadata\" controls=\"controls\"><source type=\"video\/mp4\" src=\"http:\/\/zsce.pl\/wp-content\/uploads\/2020\/08\/video-1592297834.mp4?_=4\" \/><a href=\"http:\/\/zsce.pl\/wp-content\/uploads\/2020\/08\/video-1592297834.mp4\">http:\/\/zsce.pl\/wp-content\/uploads\/2020\/08\/video-1592297834.mp4<\/a><\/video><\/div>\n<h3><\/h3>\n<h3><\/h3>\n<h3 style=\"text-align: center;\">Wywiad z nauczycielem<\/h3>\n<div style=\"width: 368px;\" class=\"wp-video\"><video class=\"wp-video-shortcode\" id=\"video-1042-5\" width=\"368\" height=\"656\" preload=\"metadata\" controls=\"controls\"><source type=\"video\/mp4\" src=\"http:\/\/zsce.pl\/wp-content\/uploads\/2020\/08\/received_731408430963690.mp4?_=5\" \/><a href=\"http:\/\/zsce.pl\/wp-content\/uploads\/2020\/08\/received_731408430963690.mp4\">http:\/\/zsce.pl\/wp-content\/uploads\/2020\/08\/received_731408430963690.mp4<\/a><\/video><\/div>\n<p>&nbsp;<\/p>\n","protected":false},"excerpt":{"rendered":"<p>\u00a0 \u00a0 \u00a0 APPs PROJECT PROJEKT APPs (2017-1-IT02-KA201-03-66-53) to wsp\u00f3\u0142finansowany projekt w ramach programu Erasmusplus Unii Europejskiej zatwierdzony przez INDIRE &#8211; w\u0142osk\u0105 agencj\u0119 krajow\u0105. Cyberprzemoc \u00a0to rosn\u0105ce zjawisko budz\u0105ce powa\u017cne obawy, wp\u0142ywaj\u0105ce na motywacj\u0119, koncentracj\u0119, pewno\u015b\u0107 siebie i najwy\u017cszy poziom wykszta\u0142cenia uczni\u00f3w. Projekt skupi si\u0119 na poprawie jako\u015bci nauczania poprzez rozwijanie i eksperymentowanie z pionowymi modu\u0142ami nauczania (VLM) w celu&hellip;<\/p>\n","protected":false},"author":1,"featured_media":0,"parent":945,"menu_order":4,"comment_status":"closed","ping_status":"closed","template":"","meta":{"_mc_calendar":[],"footnotes":""},"class_list":["post-1042","page","type-page","status-publish","hentry"],"_links":{"self":[{"href":"https:\/\/zsce.pl\/index.php?rest_route=\/wp\/v2\/pages\/1042","targetHints":{"allow":["GET"]}}],"collection":[{"href":"https:\/\/zsce.pl\/index.php?rest_route=\/wp\/v2\/pages"}],"about":[{"href":"https:\/\/zsce.pl\/index.php?rest_route=\/wp\/v2\/types\/page"}],"author":[{"embeddable":true,"href":"https:\/\/zsce.pl\/index.php?rest_route=\/wp\/v2\/users\/1"}],"replies":[{"embeddable":true,"href":"https:\/\/zsce.pl\/index.php?rest_route=%2Fwp%2Fv2%2Fcomments&post=1042"}],"version-history":[{"count":48,"href":"https:\/\/zsce.pl\/index.php?rest_route=\/wp\/v2\/pages\/1042\/revisions"}],"predecessor-version":[{"id":2603,"href":"https:\/\/zsce.pl\/index.php?rest_route=\/wp\/v2\/pages\/1042\/revisions\/2603"}],"up":[{"embeddable":true,"href":"https:\/\/zsce.pl\/index.php?rest_route=\/wp\/v2\/pages\/945"}],"wp:attachment":[{"href":"https:\/\/zsce.pl\/index.php?rest_route=%2Fwp%2Fv2%2Fmedia&parent=1042"}],"curies":[{"name":"wp","href":"https:\/\/api.w.org\/{rel}","templated":true}]}}